ide 596810569?
False
Is 1069824081 a multiple of 1114?
False
Is 68 a factor of 59201813?
False
Is 329714054 a multiple of 149?
True
Is 15016436 a multiple of 4?
True
Is 360271870 a multiple of 4?
False
Is 1309 a factor of 2941790313?
True
Does 672 divide 62143178?
False
Is 338 a factor of 24877734?
False
Is 494253176 a multiple of 363?
False
Is 57606782 a multiple of 93?
False
Is 487 a factor of 23785952?
False
Does 69 divide 984891399?
False
Does 7 divide 2188606?
True
Is 228466362 a multiple of 58?
False
Does 148 divide 181628264?
True
Does 21 divide 56871107?
False
Is 5255773388 a multiple of 308?
False
Does 10 divide 39014251?
False
Is 13517650 a multiple of 53?
True
Is 531193520 a multiple of 2288?
True
Does 44 divide 155453056?
True
Does 1487 divide 292766256?
False
Does 133 divide 3479014?
True
Does 110 divide 1202601180?
True
Is 1410554572 a multiple of 343?
True
Is 139 a factor of 102804956?
True
Does 739 divide 166379938?
True
Does 15596 divide 7281628272?
False
Is 20 a factor of 7870860?
True
Is 78 a factor of 967617846?
True
Is 34362101 a multiple of 116?
False
Is 994 a factor of 227406326?
True
Does 53 divide 6886714?
True
Is 20698335 a multiple of 245?
True
Does 659 divide 27925636?
False
Is 431 a factor of 56752787?
True
Does 4453 divide 715009304?
True
Is 12618151 a multiple of 722?
False
Is 31292410 a multiple of 206?
False
Does 6 divide 40795801?
False
Is 34948802 a multiple of 172?
False
Is 455585021 a multiple of 1501?
True
Is 767036015 a multiple of 269?
True
Does 457 divide 74768749?
False
Is 2208266810 a multiple of 31?
False
Is 60 a factor of 68442960?
True
Is 167 a factor of 29074897?
False
Does 25 divide 50007048?
False
Does 779 divide 6015438?
True
Is 157197 a multiple of 61?
True
Is 36 a factor of 49438296?
True
Is 368057664 a multiple of 2223?
True
Is 12 a factor of 22871058?
False
Does 1441 divide 206893016?
True
Is 570 a factor of 42773370?
True
Is 459012524 a multiple of 14?
False
Is 58216950 a multiple of 50?
True
Does 9 divide 34969464?
True
Is 57191944 a multiple of 986?
True
Does 3126 divide 2926594400?
False
Is 279795 a multiple of 5?
True
Is 2 a factor of 7149318?
True
Is 734139450 a multiple of 18?
True
Is 213272526 a multiple of 26?
False
Is 30 a factor of 8121540?
True
Is 402 a factor of 17822821?
False
Is 70863167 a multiple of 5?
False
Is 62488808 a multiple of 124?
True
Is 25939355 a multiple of 13?
True
Does 297 divide 5908815?
True
Does 55 divide 5302770?
True
Is 422 a factor of 14313818?
True
Does 33 divide 343257354?
True
Is 312 a factor of 3492153?
False
Does 64 divide 4209728?
True
Is 4 a factor of 3030084?
True
Is 142467889 a multiple of 12?
False
Does 7 divide 130546872?
False
Does 8 divide 50343864?
True
Is 11 a factor of 920835021?
False
Is 243 a factor of 1423008?
True
Is 6562 a factor of 442567528?
True
Does 126 divide 412265620?
False
Is 8491975 a multiple of 48?
False
Does 39 divide 10902873?
False
Does 70 divide 2465330?
True
Is 4513 a factor of 69328706?
True
Does 30 divide 165163062?
False
Is 103715938 a multiple of 90?
False
Does 6 divide 229143842?
False
Is 13727156 a multiple of 10?
False
Is 279235026 a multiple of 567?
True
Does 1259 divide 68905729?
False
Does 829 divide 60874299?
True
Is 1391 a factor of 34912871?
False
Is 277437297 a multiple of 4539?
True
Does 323 divide 70394297?
True
Is 15 a factor of 2679240810?
True
Does 74 divide 207875172?
False
Is 60556273 a multiple of 448?
False
Does 12 divide 2204361156?
True
Is 1203 a factor of 56472949?
False
Does 89 divide 48035970?
True
Does 55 divide 121077440?
True
Is 13833691 a multiple of 10?
False
Is 47 a factor of 359996688?
True
Is 158953704 a multiple of 21?
True
Does 3228 divide 53556567?
False
Is 4260798 a multiple of 134?
True
Does 666 divide 44635623?
False
Does 1569 divide 110616069?
True
Does 41 divide 57228888?
False
Is 46 a factor of 105075454?
True
Does 1444 divide 3819380?
True
Is 12957828 a multiple of 78?
True
Is 90 a factor of 1253414340?
True
Does 197 divide 1064608882?
True
Is 115 a factor of 1964786155?
True
Is 1818 a factor of 6255397?
False
Does 178 divide 267426844?
True
Is 2600 a factor of 368219800?
True
Does 2379 divide 2965424864?
False
Does 562 divide 5087850?
False
Does 5 divide 3113810?
True
Is 604742184 a multiple of 114?
True
Does 129 divide 21727740?
False
Is 537 a factor of 31800603?
True
Is 1248 a factor of 37326629?
False
Is 3400970952 a multiple of 55?
False
Is 9 a factor of 1098489?
False
Does 26 divide 2744410734?
True
Is 354 a factor of 4383010409?
False
Is 5 a factor of 15527647?
False
Is 275922720 a multiple of 460?
True
Is 599767190 a multiple of 110?
True
Does 1277 divide 156099203?
True
Is 77 a factor of 1723733?
False
Is 490 a factor of 521934770?
True
Does 451 divide 122106839?
False
Is 1241 a factor of 740339647?
True
Is 338310 a multiple of 13?
False
Is 88 a factor of 25982880?
True
Does 43 divide 63876847?
False
Is 1407656800 a multiple of 171?
False
Does 3671 divide 94660406?
True
Is 217126577 a multiple of 516?
False
Is 6745 a factor of 145273810?
True
Is 56 a factor of 177642728?
False
Is 5781793404 a multiple of 2490?
False
Does 8158 divide 662470390?
True
Is 64 a factor of 60633001?
False
Does 655 divide 20187615?
False
Is 632133180 a multiple of 210?
True
Does 723 divide 270599985?
False
Is 46 a factor of 249592235?
False
Is 2146128750 a multiple of 6750?
True
Is 35485372 a multiple of 227?
False
Is 28 a factor of 3378157805?
False
Is 1588898850 a multiple of 105?
True
Is 328438936 a multiple of 2072?
True
Is 18822098 a multiple of 194?
False
Is 5 a factor of 13272724?
False
Is 227163459 a multiple of 159?
True
Is 58798740 a multiple of 242?
True
Is 460 a factor of 146118711?
False
Does 2 divide 37399046?
True
Is 50360831 a multiple of 8?
False
Is 834 a factor of 256890372?
False
Is 2742 a factor of 69485022?
True
Is 100652187 a multiple of 2510?
False
Does 10 divide 2182371530?
True
Does 19 divide 17934727?
True
Is 708002590 a multiple of 4885?
True
Is 77623056 a multiple of 38?
True
Is 673615067 a multiple of 11?
False
Does 45 divide 69573015?
True
Is 6291649 a multiple of 119?
True
Is 10 a factor of 37984296?
False
Does 1264 divide 215082240?
True
Is 3 a factor of 4528096?
False
Is 19202190 a multiple of 10?
True
Is 718 a factor of 1128856114?
True
Does 56 divide 119645848?
True
Is 2928 a factor of 1181476645?
False
Is 129 a factor of 39622324?
False
Is 230 a factor of 49703842?
False
Is 82 a factor of 662568856?
True
Does 3654 divide 30488976?
True
Is 37 a factor of 44711022?
True
Is 226816639 a multiple of 14?
False
Does 1369 divide 953291108?
False
Is 187658980 a multiple of 20?
True
Is 14 a factor of 22702905?
False
Is 43361117 a multiple of 23?
False
Does 1772 divide 72981592?
True
Is 164147832 a multiple of 25?
False
Does 457 divide 1303985449?
False
Does 316 divide 502924428?
True
Is 254 a factor of 290172648?
True
Is 10229236 a multiple of 4?
True
Is 220 a factor of 45661147?
False
Does 4 divide 139109165?
False
Is 235 a factor of 211329155?
True
Is 215 a factor of 14666440?
True
Is 44 a factor of 236535426?
False
Is 1538917744 a multiple of 1438?
False
Does 46 divide 297674044?
False
Is 2827 a factor of 18205880?
True
Does 338 divide 1200941040?
True
Is 16155731 a multiple of 141?
False
Is 50833067 a multiple of 21?
False
Is 202590042 a multiple of 1847?
True
Is 36214302 a multiple of 6?
True
Is 520987 a multiple of 419?
False
Is 932772570 a multiple of 2265?
False
Is 598963552 a multiple of 242?
True
Is 87666840 a multiple of 20?
True
Does 181 divide 17218444?
False
Does 641 divide 2521579261?
True
Does 1377 divide 173674125?
True
Does 62 divide 64552560?
False
Is 35338032 a multiple of 1296?
True
Is 121698392 a multiple of 1112?
True
Is 2348 a factor of 22402268?
True
Does 107 divide 443928555?
True
Is 539377250 a multiple of 305?
True
Is 170935406 a multiple of 17?
False
Does 2270 divide 573084200?
True
Is 186 a factor of 33135528?
True
Is 62 a factor of 34205772?
True
Is 8 a factor of 50000160?
True
Is 27 a factor of 1709305876?
False
Is 73962862 a multiple of 52?
False
Is 82568042 a multiple of 1158?
False
Is 156 a factor of 467047932?
True
Is 247338138 a multiple of 402?
True
Is 206987112 a multiple of 6?
True
Is 1453403259 a multiple of 21?
True
